on divisor of 10 and 170?
10
What is the highest common divisor of 3322 and 88?
22
Calculate the highest common factor of 304 and 64.
16
What is the greatest common divisor of 192 and 18?
6
What is the highest common factor of 14 and 20006?
14
Calculate the greatest common factor of 171 and 37848.
57
What is the greatest common factor of 6580 and 21?
7
Calculate the highest common factor of 22 and 1254.
22
What is the greatest common factor of 54 and 378?
54
Calculate the highest common divisor of 387 and 9.
9
What is the highest common divisor of 25 and 12275?
25
Calculate the greatest common divisor of 2793 and 84.
21
What is the greatest common factor of 64 and 608?
32
What is the greatest common factor of 1296 and 912?
48
What is the greatest common factor of 175 and 500?
25
Calculate the highest common factor of 96 and 32352.
96
Calculate the highest common divisor of 87 and 5771.
29
Calculate the greatest common divisor of 112 and 28.
28
What is the greatest common divisor of 1534 and 4661?
59
Calculate the highest common factor of 752 and 16.
16
What is the highest common factor of 453 and 8909?
151
What is the highest common factor of 80 and 15?
5
What is the highest common divisor of 3090 and 150?
30
Calculate the greatest common divisor of 2148 and 12.
12
What is the greatest common factor of 35 and 52255?
35
What is the highest common factor of 536 and 104?
8
What is the highest common factor of 4380 and 480?
60
Calculate the highest common divisor of 405 and 2295.
135
Calculate the greatest common divisor of 3740 and 60.
20
What is the highest common factor of 3306 and 171?
57
What is the highest common factor of 24 and 162?
6
Calculate the highest common factor of 39 and 273.
39
Calculate the greatest common factor of 728 and 3136.
56
What is the highest common factor of 3123 and 9?
9
Calculate the greatest common factor of 312 and 1950.
78
Calculate the highest common divisor of 13956 and 60.
12
What is the highest common divisor of 62 and 17639?
31
Calculate the highest common divisor of 108 and 2511.
27
Calculate the highest common factor of 18458 and 22.
22
What is the greatest common divisor of 119 and 14?
7
What is the greatest common factor of 623 and 7?
7
Calculate the highest common divisor of 11084 and 68.
68
Calculate the highest common divisor of 9042 and 66.
66
Calculate the greatest common divisor of 34 and 12767.
17
Calculate the greatest common factor of 1167 and 3.
3
Calculate the greatest common factor of 12 and 1780.
4
What is the greatest common factor of 241 and 8194?
241
Calculate the highest common divisor of 216 and 72.
72
Calculate the greatest common divisor of 4086 and 81.
9
Calculate the highest common factor of 2716 and 28.
28
Calculate the highest common factor of 14 and 21.
7
What is the highest common divisor of 1490 and 40?
10
What is the greatest common divisor of 20 and 31?
1
Calculate the highest common divisor of 312 and 16068.
156
What is the greatest common factor of 414 and 306?
18
What is the highest common factor of 732 and 12?
12
Calculate the highest common divisor of 5340 and 623.
89
What is the greatest common divisor of 7 and 19047?
7
Calculate the highest common factor of 1558 and 494.
38
What is the greatest common factor of 7644 and 12?
12
Calculate the highest common divisor of 1935 and 45.
45
What is the greatest common divisor of 63 and 35?
7
Calculate the highest common factor of 1 and 150.
1
What is the highest common factor of 567 and 2079?
189
What is the greatest common factor of 9 and 12?
3
Calculate the highest common factor of 567 and 18.
9
Calculate the highest common divisor of 14 and 175.
7
What is the highest common factor of 220 and 3135?
55
What is the highest common factor of 26 and 17134?
26
What is the greatest common factor of 27 and 12?
3
Calculate the highest common factor of 13 and 845.
13
Calculate the highest common divisor of 156 and 234.
78
What is the highest common factor of 1040 and 52?
52
What is the greatest common factor of 39 and 312?
39
What is the highest common factor of 70 and 56?
14
What is the highest common factor of 84 and 35?
7
Calculate the highest common factor of 9522 and 18.
18
What is the greatest common divisor of 104 and 11?
1
What is the greatest common factor of 98 and 826?
14
What is the greatest common factor of 24 and 2872?
8
What is the highest common divisor of 15133 and 37?
37
Calculate the highest common factor of 3857 and 665.
133
What is the greatest common divisor of 1166 and 814?
22
Calculate the greatest common factor of 800 and 75.
25
Calculate the highest common factor of 47 and 9.
1
Calculate the greatest common factor of 378 and 44478.
126
What is the greatest common divisor of 15 and 735?
15
What is the greatest common factor of 2952 and 1?
1
Calculate the highest common divisor of 490 and 35.
35
What is the greatest common divisor of 216 and 56?
8
Calculate the highest common factor of 280 and 4360.
40
What is the highest common factor of 55 and 40?
5
Calculate the highest common divisor of 4588 and 775.
31
What is the greatest common divisor of 585 and 45?
45
What is the highest common divisor of 70 and 270?
10
What is the greatest common divisor of 10865 and 41?
41
Calculate the greatest common divisor of 472 and 4484.
236
What is the greatest common divisor of 176 and 22?
22
Calculate the greatest common factor of 43 and 1376.
43
Calculate the highest common divisor of 966 and 21.
21
What is the greatest common divisor of 8 and 1800?
8
Calculate the greatest common factor of 3392 and 256.
64
Calculate the greatest common factor of 6 and 135.
3
Calculate the highest common factor of 176 and 8888.
88
Calculate the greatest common factor of 304 and 22952.
152
What is the highest common divisor of 332 and 12?
4
Calculate the greatest common factor of 10 and 160.
10
What is the greatest common factor of 1260 and 231?
21
What is the greatest common divisor of 616 and 112?
56
What is the highest common factor of 2856 and 168?
168
Calculate the greatest common divisor of 1834 and 14.
14
What is the highest common factor of 498 and 10?
2
Calculate the greatest common divisor of 322 and 672.
14
What is the highest common factor of 47 and 3337?
47
What is the highest common divisor of 3 and 3?
3
What is the greatest common factor of 3444 and 60?
12
Calculate the highest common factor of 6298 and 94.
94
Calculate the greatest common factor of 874 and 1976.
38
What is the greatest common divisor of 1148 and 56?
28
Calculate the highest common divisor of 2940 and 60.
60
What is the highest common divisor of 10 and 844?
2
What is the greatest common divisor of 3598 and 112?
14
Calculate the highest common divisor of 24 and 66.
6
What is the greatest common factor of 64 and 56?
8
Calculate the greatest common divisor of 208 and 34.
2
Calculate the highest common factor of 24 and 852.
12
What is the highest common factor of 1595 and 385?
55
Calculate the greatest common divisor of 4 and 438.
2
What is the greatest common factor of 252 and 112?
28
Calculate the highest common divisor of 136 and 170.
34
What is the highest common factor of 16512 and 144?
48
Calculate the greatest common factor of 18542 and 127.
127
What is the highest common factor of 21 and 70?
7
What is the highest common divisor of 95 and 475?
95
Calculate the highest common factor of 10 and 490.
10
Calculate the highest common factor of 1738 and 22.
22
What is the highest common divisor of 10 and 470?
10
Calculate the highest common factor of 12 and 150492.
12
What is the greatest common factor of 2195 and 35?
5
What is the greatest common divisor of 22528 and 24?
8
Calculate the highest common divisor of 144 and 54.
18
Calculate the highest common factor of 31 and 2418.
31
Calculate the highest common divisor of 1302 and 1364.
62
What is the highest common divisor of 47 and 9917?
47
What is the highest common factor of 73 and 1?
1
What is the highest common factor of 792 and 55?
11
What is the highest common divisor of 865 and 5?
5
Calculate the greatest common divisor of 36 and 594.
18
What is the highest common divisor of 18 and 189?
9
Calculate the greatest common factor of 224 and 196.
28
Calculate the greatest common factor of 2595 and 15.
15
Cal